Let h = 15 - -2. Let m(c) = -2*c - 16. Let l be m(-8). Let y = h + l. Does 11 divide y?
False
Let q be ((-188)/(-10))/(1/5). Let w(h) = h + 9. Let n be w(-5). Suppose n*f = 2*f + q. Does 10 divide f?
False
Suppose 4*z = -38 - 2. Is 600/33 + z/55 a multiple of 18?
True
Let f = -14 - -23. Let o(g) = -g**2 + 5*g + 10. Let y be o(f). Does 16 divide (y/(-6) - 3)*36?
True
Let l = 2559 - 1340. Is l a multiple of 18?
False
Does 36 divide ((-36)/5)/((-11)/1760)?
True
Let m be (-26)/(-2) - (12/2)/3. Let i = 86 - m. Is 29 a factor of i?
False
Let h(y) = 4*y - 16. Let v be 1/4 + (-23)/(-4). Let k be h(v). Is (-2)/k - (-2034)/72 a multiple of 4?
True
Suppose 4*l + 3*u = 2944, -2*u - 2916 = -4*l + 2*u. Is l a multiple of 20?
False
Let t(u) = -11*u**2 + 3*u - 2. Let h be t(-2). Let j = -43 - h. Is 9 a factor of j?
True
Let b(a) = -17*a - 5. Let i be b(-6). Suppose 0 = 5*u - i - 43. Is 14 a factor of u?
True
Let a(c) be the third derivative of -c**6/120 + 4*c**5/15 - 5*c**4/12 + 31*c**3/6 + 19*c**2. Is a(14) a multiple of 41?
False
Suppose 0 = -6*z + 962 + 82. Is z a multiple of 29?
True
Let r be 2 + 1 + 144 + -1. Suppose 4*q = -3*k + 440, -2*q + 0*q = k - r. Does 37 divide k?
True
Let q be 32/144 + 376/9. Let x = -4 + q. Is x a multiple of 11?
False
Suppose -4*u = -16 - 4. Suppose 2*o - 45 = u*f, 3*f = -3*o + 6*f + 81. Is o a multiple of 10?
True
Is (-25 + 7)/9 - (0 - 647) a multiple of 8?
False
Let z(k) = 29*k - 108. Is z(8) a multiple of 5?
False
Suppose -a + 5*q + 669 + 1013 = 0, 3*q - 6 = 0. Does 47 divide a?
True
Suppose 8*b - 505 + 121 = 0. Is 4 a factor of b?
True
Let l(m) = -m**3 + 5*m**2 - 5*m + 8. Let o be l(4). Let s(n) = -n**2 - n**2 - 2 - o*n**3 + 0*n**2. Does 11 divide s(-2)?
True
Let j = 14 + 31. Let m be ((-24)/5)/(-6)*j. Suppose -30 = -4*g - g + 5*n, 2*g + 4*n - m = 0. Is g a multiple of 4?
False
Let g be (-1 + 3)/(3/9). Suppose -696 = 3*d - g*d. Is 7 a factor of d/16 - (-2)/(-4)?
True
Let z be 2/(-3) + (-8)/6. Let k(o) = -7*o + 93. Let r be k(17). Let n = z - r. Does 12 divide n?
True
Let i(r) = -135 - 6*r**2 + r**3 - 2*r**2 + 126 + 11*r. Is 14 a factor of i(8)?
False
Let h(c) = -4 - 3 + 37*c + 7. Let a = 11 + -10. Does 29 divide h(a)?
False
Let k(p) be the second derivative of 5*p + 1/6*p**3 + 0 + 5/2*p**2. Does 11 divide k(6)?
True
Is 5 a factor of ((-342)/(-10))/((-62)/(-1860))?
False
Let t = 244 - 261. Suppose -30 = 5*x - 2*w, 0*x + 5*w = 4*x + 7. Let m = x - t. Is m a multiple of 3?
True
Let w(h) = -5*h**3 + 3*h**2 + h + 1. Let r be w(-1). Let c be 5/(-1)*16/(-5). Suppose r = t - c. Is 12 a factor of t?
True
Does 10 divide ((-3)/(15/137))/((-1)/35)?
False
Let a = 8505 - 5843. Is 74 a factor of a?
False
Let v = 1174 - 768. Is 14 a factor of v?
True
Let z(f) be the third derivative of f**6/120 - f**5/30 - f**3 + f**2. Let u be z(6). Suppose -5*h - 2*l + 182 = -3*l, -u = -4*h - 3*l. Does 9 divide h?
True
Let x(q) = -q**3 - 2*q**2 + 7*q + 3. Let f be -1*6*(-8 + 9). Let a = 1 + f. Is x(a) a multiple of 14?
False
Does 16 divide 2*103 - (5 + -17 + 10)?
True
Let t(j) = 3*j - 16. Let w be t(6). Let a(s) = 32 - 31 + s**3 - 5*s - 2*s + 5*s**w. Is 6 a factor of a(-6)?
False
Let o(m) = -m**3 + 23*m**2 - 4*m - 211. Is o(21) a multiple of 7?
False
Let a(x) = 0*x + 4 + 6*x**2 - 5*x - 2*x**2 + 0*x**3 + x**3. Let f be a(-5). Suppose 0 = f*j + 15 - 43. Does 6 divide j?
False
Let t be -6*1/(6/(-4)). Suppose -4*m - 2*z + 120 = 0, 5*m - 90 = 2*m + t*z. Is 4 a factor of m?
False
Does 12 divide (2/(-2) + -83)/((-5)/5)?
True
Let b = 21 - 34. Let t = b - -19. Suppose t*x - 3*x = 84. Does 8 divide x?
False
Let i(w) = 4*w + 14. Let g be i(-4). Does 15 divide ((-5)/g)/(7/84)?
True
Let k = 0 - 8. Let d(y) = -y - 5. Let a be d(k). Suppose 4*o + 4*x = 104, -a*o + 4*o + 5*x = 22. Is 8 a factor of o?
False
Let w be 4/((12/2)/3). Suppose w*c = -c - 12. Does 9 divide ((-10)/c)/(2/20)?
False
Let i(s) = -2*s + 3. Let x be i(-11). Let h = -20 + x. Suppose -h*t = d - 362, 70 = -t + 2*t - d. Is 24 a factor of t?
True
Let c(k) = 5*k**2 + 3*k + 2. Let b be c(-1). Let u(l) = l**3 - l**2 - l + 1. Is 5 a factor of u(b)?
True
Suppose -4*f + 503 + 97 = 4*y, 2*y = -4*f + 304. Suppose 0 = -2*l + l + y. Is l a multiple of 17?
False
Suppose 0 = 4*j - 3*w + 1 - 9, w = 4*j - 16. Suppose 0*y = -y + 4. Suppose 5*p - 53 = i, -j*p - y*i + 9 = -54. Is p a multiple of 11?
True
Suppose 0 = -4*c + 10 - 2. Let n = -14 - -20. Suppose c*s - n = s. Does 6 divide s?
True
Let j be (3 + 0 + -2)*3. Suppose -2*y + j = 1. Let r = 5 - y. Is 3 a factor of r?
False
Let v(l) = 3*l**3 + l + 1. Let j be v(3). Let f = j - 19. Is f - 0 - -3*1 a multiple of 23?
True
Suppose b - 130 = 41. Let l be (4/6)/((-6)/b). Let f(a) = -a**2 - 21*a - 28. Is f(l) a multiple of 5?
True
Let h(t) be the third derivative of -t**5/60 + t**4/24 + 7*t**3/6 - 19*t**2. Let b(k) = k**3 + 7*k**2 - 7*k + 8. Let c be b(-8). Is h(c) a multiple of 7?
True
Suppose 2*u + 5*m - 230 = 0, 4*u = -u - m + 598. Suppose 5*z = -2*o + 240, u = o - 5*z + 4*z. Is 24 a factor of o?
True
Suppose -4*c + 430 = 3*x, 2*x - 592 = -2*x + 4*c. Does 12 divide x?
False
Suppose 2*s = -4*v - 16, -5*s - 12 = -0*v + 3*v. Suppose 2*t + 74 = -3*t + 3*r, -4*t - 54 = -5*r. Does 3 divide t/(1*v + 2)?
False
Let b = -110 - -236. Does 21 divide b?
True
Is 14 a factor of (-1 - 20/15)*-174?
True
Is 15 a factor of 662/6 - (-6)/9?
False
Suppose -f + z = -1017, -3*z + 997 = f - 0*z. Is 92 a factor of f?
True
Let o be 1*2 - (-6 + 8). Suppose o = -b + 3*b - 226. Let p = b - 62. Does 17 divide p?
True
Suppose -3*i + 3*t + 19 + 17 = 0, 0 = 4*t - 4. Suppose 0 = i*v - 28*v + 2535. Does 6 divide v?
False
Suppose 2*v + 2*h = -v + 48, 0 = 2*h. Let c be 27/(-12)*v/(-4). Suppose -3*o + 60 - c = 0. Does 5 divide o?
False
Let w be 0*(1 - -1 - 1). Suppose w = -5*a - 21 + 1. Let b = a + 10. Does 3 divide b?
True
Suppose 6*a = 10*a - 16. Suppose -a*k - 7 = -3. Does 10 divide 2 - (k + 55)/(-3)?
True
Suppose -32 = d - 2*d. Suppose 56*c - 54*c = 14. Suppose 5*y - 113 = -a, c*a = 2*y + 3*a - d. Is 11 a factor of y?
True
Let r(t) = 22*t**2 + 4*t. Let v be r(5). Suppose v = 7*z - z. Does 5 divide z?
True
Let a(u) = 3*u - 41. Is 2 a factor of a(26)?
False
Suppose -2*x + 630 = -7*x. Suppose -j = -3*u - 2*j - 203, 2*j + 340 = -5*u. Let y = u - x. Is y a multiple of 15?
True
Suppose -7*t = 15 + 20. Does 27 divide 1062/15 + (-1)/t?
False
Suppose -2*z = -4*o - 114, 235 = 4*z - 4*o - 5. Is z a multiple of 3?
True
Suppose 5*g - 2*g = -15, 5*f + g = 1875. Is 47 a factor of f?
True
Let a(n) = 6*n**2 - 5*n - 15. Is 8 a factor of a(4)?
False
Let j = -1124 + 1244. Does 3 divide j?
True
Suppose 4*w - 3*u - 10 = 0, -w + 3 = -0*w - u. Suppose 0 = 4*p + w - 117. Does 18 divide p?
False
Suppose 3*r + d + 3*d = 15, 0 = 3*r + 3*d - 12. Let l(k) = -r + 25*k**2 - 2 + 3. Is 15 a factor of l(-1)?
False
Suppose -4*o - l = -2*l - 139, 5*o - 5*l = 155. Suppose -3*i + 0*i = -3*g + 3, -2*g - 7 = -5*i. Does 8 divide (g/(-3))/((-2)/o)?
True
Suppose -13723 + 3128 = -13*d. Does 32 divide d?
False
Let i = 22 + -38. Let n = i - -24. Suppose -2*h + 20 = -0*w + 2*w, 2*w + 5*h - n = 0. Does 3 divide w?
False
Let z be (-4 - -5)/(0 - (-2)/30). Let x(o) = -o**3 + 15*o**2 + 20*o - 12. Is x(z) a multiple of 9?
True
Suppose h - 243 + 224 = 0. Does 19 divide h?
True
Suppose -5*n = 20, 0 = 12*h - 15*h + 5*n + 377. Is h even?
False
Suppose -2*s = -4*f + 3*s + 5972, 3*f = s + 4490. Does 81 divide f?
False
Suppose 0*v + 5*v + 27 = 3*h, -3*h = 4*v. Let x be (v - -2) + 3 + -2. Suppose -i + 12 - 6 = x. Is i a multiple of 6?
True
Let d = 33 + -21. Is 16 a factor of 24*4/d*8?
True
Is 11 a factor of ((-228)/7 - -2)*287/(-82)?
False
Let l(d) = -5*d**2 + 5*d - 5. Let y(w) = -2*w**2 + 2*w - 2. Let h be 35/11 + (-20)/110. Let s(n) = h*l(n) - 8*y(n). Is s(-5) a multiple of 19?
False
Let r = 1029 - 570. Does 32 divide r?
False
Suppose 7*q - 20 = 2*q. Suppose i = q*i + 12. Does 12 divide (29 - -4) + -4 - i?
False
Let d = -12 + 15. Suppose -6 = -d*z + 6. Is z a multiple of 4?
True
Let v be 41/(2*(-2)/(-4)). Suppose -4*f + 109 = 29. Let z = v - f. Is z a multiple of 11?
False
Let h(s) = s**2 + 12*s + 15. Let m = 100 - 112. Does 10 divide h(m)?
False
Let g = 279 + 82. Does 12 divide g?
False
Suppose 5*y + 68 = -2*i, i - 35 = 2*y - 15. Is (-200)/(-3) - (-8)/y a mul